 4*p - 12 = 0. List the prime factors of p.
2
Suppose -2*a - 3*p = p + 6, 3*a + 3*p = -6. Suppose -j = 2*k - 21, -3*j = -0*j - k - 35. Let z = a + j. What are the prime factors of z?
2, 3
Let d be (-3 - (-82)/6)*3. Suppose 0 = 5*y - 87 + d. List the prime factors of y.
11
Let m(o) = -o**3 - 2*o**2 + 1. Let z be m(-1). Let d = 41 + -38. Suppose 4*h = -d*l - z*l + 28, 3*l - 12 = 0. What are the prime factors of h?
2
Suppose 4*w = 3*u + 3 + 109, 3*w = -u + 84. What are the prime factors of w?
2, 7
Let s(q) = q**2 - 6*q. Let l be s(6). Let o(g) = g**3 - g**2 + 13. List the prime factors of o(l).
13
Suppose -5*b = -5*u + 490, 0*b - 3*b + 114 = u. List the prime factors of u.
2, 3, 17
Let t(f) = 3*f + 9. Let c be t(7). Suppose c = -0*k + 2*k. List the prime factors of k.
3, 5
Let j = -11 - -27. List the prime factors of j.
2
Let d(i) = 5*i**2 + 2*i - 1. Let r be d(3). Suppose -r = -5*s - 5*j, -j - 2 = -s + 2. List the prime factors of s.
7
Suppose -20 = 49*a - 51*a. What are the prime factors of a?
2, 5
Let h = -1 - -8. Let f = h + 0. Let m = 4 + f. List the prime factors of m.
11
Let m be ((-4)/(-6))/(2/9). Suppose 105 = m*g + 30. Suppose -v = -w - 1, -4*w + 1 + g = 2*v. List the prime factors of v.
5
List the prime factors of 53 + ((-27)/(-12) - 4/16).
5, 11
Suppose 316 + 622 = 7*w. What are the prime factors of w?
2, 67
List the prime factors of (-16)/(-10)*30/4.
2, 3
Let f be (-2)/4 - (-3)/2. What are the prime factors of (-4)/(-2 + f + 0)?
2
Suppose 4*f - 6 = 18. Let a be ((-9)/6)/((-3)/f). Suppose 19 = 2*z - 5*l, a*l - 1 = z - 6*z. List the prime factors of z.
2
Let m = -13 + 18. Suppose r = -0*r + m. Suppose r + 10 = p. List the prime factors of p.
3, 5
Let f(q) be the third derivative of -q**6/120 + q**5/20 + q**4/6 - q**3/6 - 5*q**2. List the prime factors of f(3).
11
Let p = 32 - -2. List the prime factors of p.
2, 17
Let n = 8 - -40. List the prime factors of n.
2, 3
Suppose -4*p = 5*g - 99, -2*p + 3*p - g - 27 = 0. List the prime factors of p.
2, 13
Let d(m) = m**2 + 9*m + 8. What are the prime factors of d(-11)?
2, 3, 5
Suppose 19 = 4*o - 3*o. Suppose -2*v - 63 = -3*c, c - o = -4*v + 16. What are the prime factors of c?
23
Let d(y) = 2*y**3 + 5*y**2 - 4*y + 5. Let f(n) = n**3 + 3*n**2 - 2*n + 3. Let w(l) = 3*d(l) - 5*f(l). What are the prime factors of w(3)?
3, 7
Let f = -13 - -8. Let t = 7 + f. Suppose -5*v + 35 = t*l - 0*l, 0 = -l + 3*v - 10. What are the prime factors of l?
5
Let v(r) = 6 + r - 14 + 0*r. Let m be v(6). List the prime factors of ((-3)/m)/(1/6).
3
What are the prime factors of ((-10)/(-3))/((-10)/(-645))?
5, 43
Let l(p) = -p**3 + 3*p**2 + p - 2. Let x be l(3). Let h(a) = 3*a**2 + 0 - x - 2*a - 2*a**2. List the prime factors of h(-2).
7
Suppose 0 = 9*c - 0*c - 1053. List the prime factors of c.
3, 13
Let v(l) be the first derivative of -3*l**2 + 3*l - 3. List the prime factors of v(-6).
3, 13
Suppose 4 = w + w. Suppose -12 = -w*v + 2. Let k(j) = -j**3 + 7*j**2 + 2*j - 7. List the prime factors of k(v).
7
List the prime factors of 8/52 - 1246*(-1)/13.
2, 3
Suppose 5*s - 91 - 1689 = 0. What are the prime factors of s?
2, 89
Let f(v) = 5*v**3 - v**2 + 2*v - 1. Let s(i) be the second derivative of -i**3/6 - 2*i**2 - 2*i. Let j be s(-5). What are the prime factors of f(j)?
5
List the prime factors of 11/22 + 7/2.
2
Suppose 6*b - 2*b = 732. What are the prime factors of b?
3, 61
Let b be 722/(-14) + 12/21. List the prime factors of b*(-3)/(27/6).
2, 17
Suppose 3*w = 3*i - i + 122, -2*w + 84 = -2*i. What are the prime factors of w?
2, 19
Suppose -146 = 3*a - 638. List the prime factors of a.
2, 41
Suppose -r = -4*m - 53, -54 = -3*r + 5*m + 84. List the prime factors of r.
41
Let u(q) = q**3 - 14*q**2 - 9*q - 29. What are the prime factors of u(15)?
61
Suppose -2*r + 45 = -43. What are the prime factors of r?
2, 11
Let z(w) = 25*w - 56. List the prime factors of z(8).
2, 3
What are the prime factors of 4/(80/(-12)) - 4149/(-15)?
2, 3, 23
Suppose -77 = -5*b + 2*p, 4*b - 63 = -3*p - 6. Suppose 5*u = -b, 0 = -3*i - 2*i - u + 72. Suppose -t - 4*t + i = 0. List the prime factors of t.
3
Let g(i) = 64*i - 2. What are the prime factors of g(2)?
2, 3, 7
Suppose 3*y + 3*j - 17 = 7, 3*y = 2*j + 24. Let f = 52 - y. List the prime factors of f.
2, 11
Let h(d) = -d**2 - 18*d - 9. Let c be h(-11). Suppose 20 = 2*f + 4*q, 0 = 5*f + 5*q - 4*q - c. What are the prime factors of f?
2, 7
Let l = -1 + 3. Let w(h) = 2*h**2 + 6*h + 7. Let z(r) = 2*r**2 + 7*r + 8. Let d(s) = 7*w(s) - 6*z(s). List the prime factors of d(l).
3
Let h(n) = -n**2 - 4*n - 3. Let g be h(-3). Suppose g*i - 43 = -i - 4*v, -4 = -v. List the prime factors of i.
3
Let o(n) be the third derivative of -n**6/144 - n**5/60 + n**4/6 - 4*n**2. Let s(x) be the second derivative of o(x). What are the prime factors of s(-2)?
2
Let h(a) = -a. Let s be h(8). What are the prime factors of s/52 - (-54)/13?
2
Suppose 2*p + 2*p = 80. What are the prime factors of p?
2, 5
Suppose 0 = 2*z - 3*z - 3*t - 2, z + 4*t = -2. Let k be z/6 + 4/(-6). Let l = k + 5. What are the prime factors of l?
2
Suppose -6*p = -p - 15. Suppose -h - 133 = -p*z + h, -56 = -z + 3*h. Suppose -5*j - z = -3*q, 3*q + 0*j + j = 35. What are the prime factors of q?
2, 3
Suppose -2*f + 29 = 6*c - c, -5*c + 36 = 3*f. Let k be ((-2)/4 - -1)*0. Suppose -n + k = -f. List the prime factors of n.
7
Suppose -3*n + 42 = -5*n. Let i be -4*6*n/(-24). Let o = -14 - i. List the prime factors of o.
7
What are the prime factors of (-16)/12*1341/(-12)?
149
Suppose -3*d = 4*o - 5*o - 9, -d = 3*o - 3. What are the prime factors of 3 + 0 - (-7 + d)?
7
Let w = -2 + -2. List the prime factors of (-87)/w + (-1)/(-4).
2, 11
Let j be (-2)/(-10) - (-27)/15. Let p = 4 - j. What are the prime factors of p?
2
Let a(y) = 2 + y - 3*y**2 + 2*y**2 + y. Let p be a(3). Let q = 3 - p. List the prime factors of q.
2
Suppose 3*d = -3*d + 162. List the prime factors of d.
3
Suppose -3*i + 4*d + 32 = 0, 2*i + 0*d = -d + 3. Suppose 4*h + 3*u = 28, 4*u = -i*h - 0*h + 24. What are the prime factors of h?
2, 5
List the prime factors of 620/8 - 3/6.
7, 11
Let b be 6*(-1 - 4/(-3)). List the prime factors of (-3 - -7) + (b - 1).
5
Let y be (1 + 5 - 5) + 1. Let p(k) = 2*k + 0*k + 0*k + 3*k**2 - 1. What are the prime factors of p(y)?
3, 5
Let y(q) = q**3 - 6*q**2 + 6*q - 3. Let s be y(5). Let m(c) = -7 - 2 - s*c + 1 - 3. What are the prime factors of m(-8)?
5
Let x(y) = -22*y - 9. What are the prime factors of x(-3)?
3, 19
Suppose 29*c = 32*c + 3. Let j(v) = -v**3 - 19. Let a be j(0). What are the prime factors of c/2*2*a?
19
Let s = -4 - -6. Suppose 0 = -s*z - 0*z. Suppose q - 6 = -z*q. What are the prime factors of q?
2, 3
Suppose -6 - 9 = -3*f. Suppose 3*z = f*y - 77, 41 = 3*y + z - 8. What are the prime factors of y?
2
Let u = -14 - -10. List the prime factors of ((-10)/u)/(2/12).
3, 5
Suppose -16 = -h - 3*h. Suppose 0 = -h*a + 3*q + 128, -2*q = -9 + 1. What are the prime factors of a?
5, 7
Let j = 2 + -4. Let q be 48/9 - 5/15. Let n = j + q. What are the prime factors of n?
3
Let m(p) = 5*p**2 - 3*p - 8. Let l be (0 + -3)*(2 - 1). Let d(u) = u**2 - 1. Let b(w) = l*d(w) + m(w). List the prime factors of b(4).
3, 5
Suppose -3*b - s = -3*s - 12, 0 = 4*b + 3*s - 16. Let k be 1*(-1)/(1/3). What are the prime factors of (1 - (b + -2))*k?
3
Let o(q) = -q**2 - 5*q**3 + 23 - 3 + 4*q**3. Let h be o(0). Suppose -j = j - h. List the prime factors of j.
2, 5
Let r(j) = j**3 - 11*j**2 + 10*j + 2. Let h be r(10). Suppose -t + 33 = h*t. List the prime factors of t.
11
Let n(g) = g + 11. Let p be n(-6). Let a(m) be the third derivative of -m**6/120 + 7*m**5/60 - m**4/4 - m**3/2 + m**2. List the prime factors of a(p).
17
Let i = 4 + -2. Let o(l) = -2*l**3 - 9*l**2 - 5*l + 7. Let a(j) = -j**3 - 5*j**2 - 3*j + 3. Let u(c) = i*o(c) - 5*a(c). List the prime factors of u(-6).
5
Let u(z) = 2*z - 19. List the prime factors of u(13).
7
Let r = 8 + -8. Let n = r - -1. List the prime factors of -2*n*78/(-12).
13
Suppose 0 = 4*a + 20, -4*a - 9 = 4*k + 23. Let m(f) = f**2 + 2*f - 6. Let d be m(-5). What are the prime factors of (d/(-2))/(k/4)?
2, 3
Suppose 2*k - 26 = c, 53 = 3*k - c + 12. What are the prime factors of k?
3, 5
Let w be (2 + -1)/(1/11). Let i = -2 + w. Let y = i + -1. List the 